n 7564342 is divided by 756399.
352
What is the remainder when 12611997 is divided by 223?
9
Calculate the remainder when 23572069 is divided by 4714413.
4
Calculate the remainder when 5183006 is divided by 1299.
1295
What is the remainder when 5810986 is divided by 5810975?
11
Calculate the remainder when 60215 is divided by 619.
172
What is the remainder when 1680 is divided by 535?
75
Calculate the remainder when 12053810 is divided by 4017884.
158
Calculate the remainder when 14888120 is divided by 34.
30
What is the remainder when 166907 is divided by 166017?
890
What is the remainder when 462641 is divided by 2445?
536
Calculate the remainder when 4936046 is divided by 205668.
14
What is the remainder when 950929 is divided by 434?
35
Calculate the remainder when 7309141 is divided by 2258.
2253
What is the remainder when 2087712 is divided by 2317?
95
What is the remainder when 10641817 is divided by 4392?
1
Calculate the remainder when 40943435 is divided by 205.
15
What is the remainder when 5771380 is divided by 1641?
1624
What is the remainder when 26808865 is divided by 602?
601
What is the remainder when 48895 is divided by 24302?
291
Calculate the remainder when 643400 is divided by 26808.
8
Calculate the remainder when 1589571 is divided by 2025.
1971
What is the remainder when 2955615 is divided by 959?
936
What is the remainder when 35552243 is divided by 8888050?
43
What is the remainder when 234649 is divided by 144?
73
Calculate the remainder when 127378386 is divided by 67.
63
Calculate the remainder when 1442909 is divided by 3444.
3317
Calculate the remainder when 45037485 is divided by 6250.
6235
Calculate the remainder when 43206686 is divided by 234.
224
Calculate the remainder when 5562446 is divided by 225.
221
What is the remainder when 293058 is divided by 48717?
756
What is the remainder when 4397237 is divided by 258660?
17
Calculate the remainder when 105418 is divided by 286.
170
Calculate the remainder when 203391 is divided by 203376.
15
What is the remainder when 139896261 is divided by 21?
15
Calculate the remainder when 7540285 is divided by 1885070.
5
What is the remainder when 37515 is divided by 33840?
3675
What is the remainder when 402320 is divided by 200341?
1638
Calculate the remainder when 838520 is divided by 667.
101
Calculate the remainder when 223703 is divided by 409.
389
What is the remainder when 13832251 is divided by 6916122?
7
What is the remainder when 853206 is divided by 106646?
38
What is the remainder when 3282 is divided by 2924?
358
What is the remainder when 382434 is divided by 12680?
2034
Calculate the remainder when 64034 is divided by 21130.
644
What is the remainder when 542241 is divided by 28523?
304
Calculate the remainder when 721832 is divided by 1648.
8
Calculate the remainder when 5809833 is divided by 446910.
3
Calculate the remainder when 1778421 is divided by 1710.
21
Calculate the remainder when 3344757 is divided by 815.
812
What is the remainder when 29343505 is divided by 52?
9
Calculate the remainder when 2346153 is divided by 44.
29
What is the remainder when 69304 is divided by 227?
69
Calculate the remainder when 97240583 is divided by 48620271.
41
What is the remainder when 121844 is divided by 58254?
5336
What is the remainder when 206907 is divided by 1864?
3
Calculate the remainder when 372121020 is divided by 352.
348
Calculate the remainder when 1505163 is divided by 39.
36
Calculate the remainder when 33936907 is divided by 9738.
9715
What is the remainder when 8008412 is divided by 235541?
18
Calculate the remainder when 59698 is divided by 59649.
49
Calculate the remainder when 232141924 is divided by 602966.
14
Calculate the remainder when 67897 is divided by 33747.
403
What is the remainder when 635617 is divided by 63560?
17
Calculate the remainder when 40840667 is divided by 57.
53
Calculate the remainder when 260860 is divided by 9880.
3980
Calculate the remainder when 74824201 is divided by 1467141.
10
What is the remainder when 8629202 is divided by 2157221?
318
Calculate the remainder when 8717882 is divided by 49.
47
What is the remainder when 2937469 is divided by 7?
3
Calculate the remainder when 4165125 is divided by 198.
195
What is the remainder when 2181448 is divided by 3208?
8
Calculate the remainder when 6946912 is divided by 105256.
16
Calculate the remainder when 318081 is divided by 28765.
1666
Calculate the remainder when 302014 is divided by 17764.
26
Calculate the remainder when 108461 is divided by 437.
85
Calculate the remainder when 65215707 is divided by 59.
57
What is the remainder when 358560 is divided by 27571?
137
Calculate the remainder when 389659 is divided by 383797.
5862
What is the remainder when 907339 is divided by 30244?
19
Calculate the remainder when 29606218 is divided by 30.
28
Calculate the remainder when 2811130 is divided by 761.
757
Calculate the remainder when 16650 is divided by 16594.
56
What is the remainder when 607174 is divided by 150?
124
What is the remainder when 2291805 is divided by 326?
25
What is the remainder when 1165942 is divided by 7620?
82
What is the remainder when 88604 is divided by 13941?
4958
What is the remainder when 1453848 is divided by 1473?
1470
What is the remainder when 1071631 is divided by 2414?
2229
What is the remainder when 2787124 is divided by 125?
124
What is the remainder when 130730388 is divided by 5420?
5408
Calculate the remainder when 54000 is divided by 925.
350
What is the remainder when 19743 is divided by 19121?
622
What is the remainder when 3475667 is divided by 2071?
529
Calculate the remainder when 4945854 is divided by 618230.
14
Calculate the remainder when 580753 is divided by 98.
5
Calculate the remainder when 15235600 is divided by 1171969.
3
Calculate the remainder when 925568 is divided by 925540.
28
What is the remainder when 42587 is divided by 8506?
57
Calculate the remainder when 12917 is divided by 4139.
500
What is the remainder when 188989 is divided by 188464?
525
Calculate the remainder when 978516 is divided by 58.
56
What is the remainder when 19119344 is divided by 13?
10
What is the remainder when 1070623 is divided by 56?
15
What is the remainder when 229106 is divided by 1?
0
Calculate the remainder when 792 is divided by 212.
156
What is the remainder when 707 is divided by 631?
76
What is the remainder when 3976669 is divided by 15?
4
What is the remainder when 5269775 is divided by 1513?
1509
What is the remainder when 425295 is divided by 212457?
381
What is the remainder when 8017199 is divided by 1572?
1571
What is the remainder when 5380195 is divided by 1076032?
35
What is the remainder when 1192330 is divided by 1403?
1183
What is the remainder when 5279799 is divided by 11?
8
Calculate the remainder when 473879 is divided by 14808.
23
Calculate the remainder when 26208212 is divided by 5241640.
12
Calculate the remainder when 8791 is divided by 424.
311
Calculate the remainder when 8357622 is divided by 53.
52
What is the remainder when 130739 is divided by 130517?
222
Calculate the remainder when 437930 is divided by 495.
350
What is the remainder when 429120 is divided by 2920?
2800
Calculate the remainder when 459350 is divided by 229666.
18
Calculate the remainder when 54031376 is divided by 2733.
2699
What is the remainder when 4544385 is divided by 32692?
197
What is the remainder when 31524154 is divided by 927181?
0
What is the remainder when 5338326 is divided by 19?
10
Calculate the remainder when 126675 is divided by 2006.
297
What is the remainder when 195090 is divided by 558?
348
Calculate the remainder when 216400 is divided by 26717.
2664
Calculate the remainder when 1405357 is divided by 4966.
4945
What is the remainder when 5106 is divided by 824?
162
What is the remainder when 1128290 is divided by 44?
42
What is the remainder when 140725 is divided by 3854?
1981
Calculate the remainder when 8595521 is divided by 523.
16
What is the remainder when 20194462 is divided by 6?
4
What is the remainder when 275256 is divided by 305?
146
Calculate the remainder when 391691 is divided by 109.
54
Calculate the remainder when 36820400 is divided by 1315012.
64
Calculate the remainder when 457824 is 